ommon factor of 336945 and 1020.
15
Calculate the greatest common factor of 10638360 and 22040.
1160
What is the greatest common factor of 414 and 4453974?
18
What is the greatest common factor of 132 and 35865412?
44
What is the greatest common factor of 1878 and 162181263?
939
Calculate the highest common divisor of 2096 and 968235148.
524
Calculate the highest common factor of 14 and 13573140.
14
What is the highest common factor of 592677 and 15989?
271
What is the highest common factor of 333 and 401316393?
111
What is the highest common factor of 9775509 and 1542?
771
Calculate the highest common divisor of 1091540 and 380.
20
Calculate the highest common divisor of 5570 and 27525269.
557
Calculate the greatest common factor of 520 and 35106552.
104
Calculate the highest common divisor of 21 and 1678641.
3
Calculate the greatest common factor of 74256 and 266604.
156
Calculate the greatest common factor of 61987369 and 10971.
1219
What is the highest common divisor of 2562 and 2563830?
366
Calculate the highest common divisor of 88642 and 22931874.
1886
What is the greatest common divisor of 1456 and 408746?
26
What is the greatest common factor of 40337 and 355699?
3667
What is the highest common divisor of 1085 and 120898295?
1085
Calculate the greatest common factor of 5872 and 458512.
16
What is the greatest common divisor of 12312 and 291528?
72
What is the greatest common factor of 5989 and 1062426?
113
What is the highest common divisor of 23487222 and 143?
11
Calculate the highest common factor of 8134 and 22819024.
166
What is the highest common divisor of 824325 and 209525?
725
What is the greatest common factor of 1444526213 and 481?
481
What is the highest common factor of 513254 and 38003?
427
Calculate the greatest common factor of 2387588 and 69083.
497
What is the highest common factor of 17214 and 399387752?
5738
What is the highest common divisor of 99294568 and 3096?
344
Calculate the highest common divisor of 2292134 and 1702.
46
Calculate the greatest common divisor of 108306 and 8283.
33
What is the greatest common factor of 5298116 and 2236?
172
Calculate the highest common factor of 21440110 and 20.
10
What is the highest common factor of 16672230 and 999?
27
What is the highest common factor of 2033023 and 58103?
97
Calculate the highest common factor of 11341881 and 394.
197
What is the greatest common divisor of 974 and 1526745?
487
What is the highest common factor of 270 and 27282510?
90
What is the greatest common divisor of 30 and 4840935?
15
Calculate the greatest common divisor of 25689274 and 134.
134
Calculate the highest common divisor of 2086125 and 196125.
375
What is the greatest common divisor of 200 and 8021300?
100
Calculate the greatest common factor of 5398281 and 252.
63
What is the greatest common factor of 3330350 and 500950?
2150
Calculate the greatest common divisor of 6923299 and 506.
23
What is the greatest common factor of 39 and 7473037?
13
Calculate the greatest common factor of 2630783 and 3397.
43
Calculate the greatest common divisor of 121121462 and 4018.
574
Calculate the highest common divisor of 480589848 and 72.
72
What is the greatest common divisor of 3376957 and 91709?
313
Calculate the highest common factor of 13845 and 1142895.
195
What is the highest common factor of 12 and 16697580?
12
Calculate the greatest common divisor of 80801 and 2640631.
679
What is the highest common factor of 3496 and 115949210?
874
Calculate the greatest common divisor of 99 and 5597298.
9
What is the highest common divisor of 175512 and 1306542?
426
Calculate the greatest common divisor of 6263835 and 4908.
1227
Calculate the greatest common factor of 1310 and 184841.
131
What is the highest common divisor of 509 and 731554651?
509
What is the greatest common factor of 484224240 and 160?
80
What is the highest common divisor of 153 and 177459906?
51
Calculate the greatest common divisor of 568 and 85627.
1
Calculate the highest common divisor of 440185 and 68.
1
Calculate the highest common factor of 3818429 and 19847.
223
What is the greatest common divisor of 3103 and 293287?
107
Calculate the highest common divisor of 11 and 64361.
11
Calculate the highest common factor of 78 and 177205639.
13
Calculate the highest common divisor of 472878224 and 430.
86
Calculate the greatest common factor of 615 and 255581905.
205
Calculate the highest common factor of 293456762 and 164.
82
Calculate the greatest common divisor of 9536 and 48079022.
298
What is the greatest common divisor of 1856995 and 24395?
595
Calculate the highest common divisor of 5276493 and 18.
9
What is the greatest common divisor of 110 and 3205015?
55
What is the greatest common divisor of 15820 and 3875?
5
Calculate the greatest common factor of 12755 and 3005.
5
What is the highest common factor of 2569248 and 21472?
352
Calculate the greatest common divisor of 1384 and 58073332.
692
What is the greatest common factor of 4009 and 185345?
19
Calculate the greatest common factor of 118800 and 3135.
165
Calculate the highest common factor of 205616 and 20634.
362
What is the greatest common divisor of 4219061 and 4823?
7
What is the highest common divisor of 407965142 and 4628?
2314
Calculate the greatest common divisor of 2261 and 179575403.
2261
What is the greatest common divisor of 5542 and 10608?
34
What is the greatest common factor of 21069860 and 5963?
89
Calculate the highest common factor of 86 and 23370156.
86
Calculate the highest common divisor of 295 and 320631901.
59
Calculate the greatest common factor of 345 and 37207445.
115
What is the greatest common divisor of 36442 and 2800280?
1918
What is the greatest common factor of 1509 and 9915?
3
Calculate the greatest common factor of 44 and 1805837.
11
What is the greatest common factor of 1 and 6848358?
1
What is the highest common factor of 14850 and 14865?
15
Calculate the highest common factor of 468806078 and 498.
166
Calculate the greatest common divisor of 5 and 949255.
5
What is the highest common divisor of 4648 and 3220532?
28
Calculate the highest common factor of 396 and 13370652.
36
What is the highest common divisor of 718417 and 8526?
203
What is the highest common factor of 132 and 12505779?
33
What is the highest common factor of 8381398 and 10?
2
Calculate the highest common factor of 662039 and 1546685.
2891
Calculate the greatest common divisor of 67459 and 38020479.
2933
Calculate the highest common divisor of 2873 and 2241109.
169
Calculate the greatest common divisor of 1333 and 121675.
31
What is the highest common factor of 6972 and 794850?
42
Calculate the highest common divisor of 8707660 and 520.
260
What is the greatest common factor of 3829364 and 23408?
308
Calculate the greatest common divisor of 306540 and 2785060.
2620
What is the highest common divisor of 4 and 42882768?
4
Calculate the greatest common divisor of 361880 and 229910.
830
What is the highest common divisor of 152301600 and 209?
11
What is the greatest common factor of 19258731 and 9?
9
Calculate the highest common divisor of 10562510 and 4494.
14
Calculate the highest common divisor of 12312 and 156069.
9
What is the greatest common factor of 2535 and 707835?
15
What is the highest common divisor of 149916 and 14854580?
1612
What is the highest common divisor of 115420 and 78880?
580
Calculate the highest common factor of 7670 and 360620.
130
What is the highest common factor of 605340 and 93708?
684
Calculate the greatest common divisor of 35688 and 87504.
24
What is the greatest common divisor of 231634 and 66729?
767
What is the highest common divisor of 467853 and 2267799?
831
Calculate the greatest common divisor of 470 and 1305613.
47
Calculate the greatest common factor of 3 and 21696.
3
What is the greatest common factor of 1413999 and 4085?
19
What is the highest common factor of 20 and 368262?
2
Calculate the highest common divisor of 2752 and 85507736.
344
What is the greatest common factor of 146974 and 14362?
86
What is the highest common divisor of 188 and 1227993816?
188
What is the highest common factor of 1218124 and 589024?
932
What is the highest common factor of 2208 and 180228?
276
Calculate the highest common divisor of 30845 and 355613.
1